e greatest common factor of 66 and 44187?
33
Calculate the greatest common factor of 2 and 64.
2
What is the highest common divisor of 133 and 1045?
19
What is the highest common factor of 140 and 724?
4
What is the highest common factor of 66 and 219?
3
Calculate the greatest common factor of 13046 and 22.
22
What is the highest common divisor of 696 and 3364?
116
Calculate the greatest common divisor of 328 and 41.
41
What is the highest common divisor of 190 and 475?
95
Calculate the highest common factor of 32 and 26.
2
What is the greatest common divisor of 76 and 12?
4
Calculate the greatest common factor of 48 and 756.
12
Calculate the greatest common factor of 25 and 625.
25
What is the highest common divisor of 136 and 18?
2
What is the greatest common divisor of 115 and 1495?
115
Calculate the greatest common divisor of 33 and 341.
11
Calculate the greatest common divisor of 236 and 2891.
59
What is the greatest common factor of 13 and 13?
13
Calculate the highest common divisor of 364 and 2457.
91
Calculate the greatest common divisor of 101 and 35653.
101
Calculate the highest common divisor of 18 and 882.
18
What is the greatest common factor of 128 and 432?
16
What is the greatest common factor of 333 and 27?
9
Calculate the greatest common divisor of 1505 and 105.
35
Calculate the greatest common factor of 18 and 13743.
9
Calculate the highest common divisor of 44 and 44.
44
What is the greatest common divisor of 250 and 100?
50
What is the greatest common divisor of 1368 and 1752?
24
What is the greatest common divisor of 20 and 5630?
10
What is the highest common factor of 69 and 2921?
23
What is the highest common divisor of 13 and 117?
13
Calculate the greatest common divisor of 2650 and 450.
50
What is the greatest common factor of 296 and 814?
74
Calculate the highest common divisor of 6 and 66.
6
What is the greatest common divisor of 1105 and 10829?
221
Calculate the highest common divisor of 4 and 4.
4
Calculate the highest common divisor of 73600 and 23.
23
Calculate the highest common factor of 375 and 30.
15
What is the greatest common divisor of 4 and 1516?
4
Calculate the greatest common divisor of 2627 and 37.
37
Calculate the highest common factor of 24 and 90.
6
What is the highest common factor of 8 and 48912?
8
Calculate the greatest common factor of 33 and 3.
3
Calculate the highest common divisor of 3240 and 48.
24
Calculate the greatest common factor of 104 and 312.
104
Calculate the highest common factor of 273 and 21.
21
What is the highest common divisor of 22 and 11?
11
Calculate the greatest common factor of 32 and 824.
8
What is the highest common divisor of 18 and 11?
1
Calculate the highest common divisor of 107 and 6848.
107
What is the highest common divisor of 7227 and 36?
9
What is the highest common divisor of 1143 and 9?
9
What is the highest common factor of 432 and 27?
27
Calculate the highest common divisor of 400 and 160.
80
What is the highest common divisor of 376 and 20?
4
Calculate the greatest common factor of 384 and 64.
64
What is the highest common factor of 40 and 2655?
5
What is the highest common divisor of 264 and 19338?
66
What is the greatest common factor of 165 and 440?
55
Calculate the greatest common factor of 27 and 1593.
27
What is the greatest common factor of 55 and 209?
11
What is the greatest common divisor of 16 and 1024?
16
What is the greatest common divisor of 185 and 1184?
37
Calculate the highest common divisor of 8 and 13308.
4
What is the greatest common factor of 77 and 28?
7
What is the highest common divisor of 66 and 11847?
33
What is the highest common divisor of 6767 and 134?
67
Calculate the greatest common factor of 50 and 75.
25
What is the highest common factor of 10 and 810?
10
Calculate the highest common divisor of 5828 and 527.
31
What is the greatest common divisor of 615 and 15?
15
Calculate the highest common divisor of 60 and 1620.
60
Calculate the greatest common factor of 33 and 12.
3
Calculate the highest common factor of 224 and 352.
32
Calculate the highest common factor of 120 and 45.
15
Calculate the greatest common divisor of 252 and 1701.
63
Calculate the highest common divisor of 546 and 2366.
182
Calculate the greatest common factor of 21 and 35.
7
Calculate the greatest common divisor of 23 and 644.
23
What is the greatest common divisor of 26 and 143?
13
What is the greatest common factor of 34 and 2652?
34
What is the highest common factor of 745 and 20?
5
Calculate the highest common divisor of 552 and 12.
12
What is the highest common divisor of 34 and 799?
17
Calculate the greatest common divisor of 110 and 198.
22
Calculate the highest common factor of 36 and 438.
6
Calculate the greatest common factor of 444 and 24.
12
Calculate the greatest common divisor of 973 and 7.
7
Calculate the highest common divisor of 22201 and 149.
149
What is the greatest common divisor of 188 and 235?
47
Calculate the highest common factor of 6 and 372.
6
Calculate the highest common factor of 390 and 24.
6
Calculate the highest common divisor of 115 and 1495.
115
Calculate the greatest common divisor of 40 and 6010.
10
What is the highest common divisor of 832 and 26?
26
What is the greatest common divisor of 110 and 902?
22
What is the highest common divisor of 216 and 108?
108
Calculate the greatest common factor of 143 and 7631.
13
Calculate the greatest common divisor of 28 and 32.
4
What is the highest common divisor of 306 and 882?
18
What is the highest common factor of 1176 and 1232?
56
What is the highest common divisor of 57 and 38?
19
What is the greatest common factor of 36 and 60?
12
What is the greatest common divisor of 17629 and 17?
17
What is the highest common factor of 735 and 70?
35
What is the highest common divisor of 1971 and 27?
27
What is the greatest common factor of 13 and 40768?
13
What is the highest common divisor of 9 and 1278?
9
Calculate the highest common divisor of 192 and 96.
96
Calculate the greatest common divisor of 20 and 52.
4
What is the highest common divisor of 114 and 5586?
114
Calculate the greatest common factor of 559 and 104.
13
What is the highest common factor of 600 and 450?
150
What is the greatest common factor of 19 and 171?
19
What is the highest common divisor of 1782 and 2592?
162
Calculate the greatest common factor of 22 and 517.
11
Calculate the greatest common factor of 20 and 580.
20
Calculate the highest common divisor of 32 and 272.
16
What is the greatest common divisor of 789 and 27?
3
Calculate the highest common factor of 3284 and 4.
4
Calculate the greatest common factor of 82 and 18532.
82
Calculate the greatest common factor of 4683 and 14.
7
Calculate the greatest common divisor of 46 and 2162.
46
Calculate the highest common divisor of 79 and 12324.
79
Calculate the greatest common divisor of 53 and 689.
53
Calculate the highest common divisor of 9 and 82557.
9
What is the highest common factor of 4 and 155?
1
Calculate the highest common divisor of 528 and 336.
48
What is the highest common factor of 177 and 54?
3
What is the highest common factor of 1675 and 25?
25
Calculate the highest common divisor of 15 and 625.
5
Calculate the highest common factor of 4978 and 133.
19
What is the greatest common divisor of 3164 and 140?
28
What is the highest common factor of 720 and 630?
90
What is the greatest common divisor of 1 and 2187?
1
What is the greatest common factor of 120 and 80?
40
Calculate the greatest common factor of 76235 and 395.
395
What is the highest common divisor of 344 and 2150?
86
What is the greatest common divisor of 880 and 55?
55
What is the greatest common factor of 15 and 405?
15
What is the highest common divisor of 8 and 11384?
8
Calculate the highest common factor of 13 and 247.
13
What is the highest common divisor of 165 and 1045?
55
What is the greatest common factor of 2821 and 1085?
217
Calculate the greatest common factor of 138 and 1702.
46
Calculate the greatest common divisor of 165 and 385.
55
Calculate the highest common factor of 418 and 968.
22
Calculate the highest common divisor of 4236 and 24.
12
What is the greatest common factor of 30 and 24?
6
What is the highest common factor of 2 and 240?
2
What is the greatest common